{"id":1126,"date":"2025-06-20T18:57:35","date_gmt":"2025-06-20T09:57:35","guid":{"rendered":"https:\/\/www.med.osaka-u.ac.jp\/pub\/bci\/?page_id=1126"},"modified":"2025-07-29T18:48:14","modified_gmt":"2025-07-29T09:48:14","slug":"betty","status":"publish","type":"page","link":"https:\/\/www.med.osaka-u.ac.jp\/pub\/bci\/member\/betty","title":{"rendered":"\u30f4\u30fc\u30c4\u30eb \u30d9\u30c6\u30a3"},"content":{"rendered":"<div class=\"flex\">\n<div class=\"w20 resp100 resp_ma\">\n<div class=\"sticky flex aife mb32\">\n<div class=\"w100 resp48\">\n<div class=\"photo as1 mb8\"><img decoding=\"async\" src=\"\/pub\/bci\/wp-content\/uploads\/2025\/06\/A7400062.jpg\" alt=\"\"><\/div>\n<\/div>\n<div class=\"w100 resp48\">\n<ul class=\"sub_list mb8\">\n<li class=\"w100\"><a href=\"#jp\">Journal Publications<\/a><\/li>\n<li class=\"w100\"><a href=\"#prize\">Prize<\/a><\/li>\n<li class=\"w100\"><a href=\"#cc\">Conference contributions<\/a><\/li>\n<li class=\"w100\"><a href=\"#funding\">Funding<\/a><\/li>\n<li class=\"w100\"><a href=\"#aas\">Academic Society Memberships<\/a><\/li>\n<\/ul>\n<\/div>\n<\/div>\n<\/div>\n<div class=\"w75 resp100\">\n<div class=\"position\">\u7279\u4efb\u52a9\u6559<\/div>\n<h3>\u30f4\u30fc\u30c4\u30eb \u30d9\u30c6\u30a3<\/h3>\n<div class=\"white_box\">\n<a class=\"link\" href=\"https:\/\/researchmap.jp\/b-wutzl\" target=\"_blank\">researchmap<\/a>\n<\/div>\n<div class=\"w100\">&nbsp;<\/div>\n<div class=\"anchor\" id=\"jp\"><\/div>\n<h3>Journal Publications<\/h3>\n<div class=\"white_box\">\n<ul>\n<li>An Analysis of the Correlation between the Asymmetry of Different EEG-Sensor Locations in Diverse Frequency Bands and Short-Term Subjective Well-Being Changes,<br \/>\nB. Wutzl, K. Leibnitz, M. Murata, 2024, Brain Sciences 14 (3): 267. https:\/\/doi.org\/10.3390\/brainsci14030267<\/li>\n<li>Analysis of the correlation between frontal alpha asymmetry of electroencephalography and short-term subjective well-being changes,<br \/>\nB. Wutzl, K. Leibnitz, D. Kominami, Y. Ohsita, M. Kaihotsu, M. Murata, 2023, Sensors 23 (15): 7006. https:\/\/doi.org\/10.3390\/s23157006.<\/li>\n<li>Narrative Review: Quantitative EEG in Disorders of Consciousness,<br \/>\nB. Wutzl, S.M. Golaszewski, K. Leibnitz, P.B. Langthaler, A.B. Kunz, S. Leis, K. Schwenker, A. Thomschewski, J. Bergmann, E. Trinka, 2021, Brain Sciences 11 (6). https:\/\/doi.org\/10.3390\/brainsci11060697.<\/li>\n<li>Functional Magnetic Resonance Imaging in the Final Stage of Creutzfeldt-Jacob Disease,<br \/>\nS.M. Golaszewski, B. Wutzl, A.F. Unterrainer, C. Florea, K. Schwenker, V.N. Frey, M. Kronbichler, F. Rattay, R. Nardone, L. Hauer, J. Sellner, E. Trinka, 2020, Diagnostics 10 (5): 309. https:\/\/doi.org\/10.3390\/diagnostics10050309.<\/li>\n<li>Genetic algorithms for feature selection when classifying severe chronic disorders of consciousness,<br \/>\nB. Wutzl, K. Leibnitz, F. Rattay, M. Kronbichler, M. Murata, S.M. Golaszewski, 2019, PLOS ONE 14 (7): e0219683. https:\/\/doi.org\/10.1371\/journal.pone.0219683.<\/li>\n<li>Functional magnetic resonance imaging under anaesthesia of a patient with severe chronic disorders of consciousness,<br \/>\nB. Wutzl, A.F. Unterrainer, M. Kronbichler, F. Rattay, E. Trinka, F. Gerstenbrand, S.M. Golaszewski, 2018, Clinical Neurology and Neurosurgery 172 (September): 96\u201398. https:\/\/doi.org\/10.1016\/j.clineuro.2018.06.029.<\/li>\n<\/ul>\n<div class=\"w100\">&nbsp;<\/div>\n<h4>Journal Publications in preparation<\/h4>\n<ul>\n<li>Classifying patients with severe chronic disorders of consciousness using multislice modularity of brain networks from fMRI data,<br \/>\nB. Wutzl, K. Leibnitz, F. Rattay, M. Kronbichler, M. Murata, S. Golaszewski, in preparation<\/li>\n<li>Effects and Limitations of Napping During Sleep Deprivation Based on Wave Measurements, H. Hara, B. Wutzl, M. Murata, in preparation<\/li>\n<\/ul>\n<\/div>\n<div class=\"w100\">&nbsp;<\/div>\n<div class=\"anchor\" id=\"prize\"><\/div>\n<h3>Prize<\/h3>\n<div class=\"white_box\">\n<ul>\n<li>Runner-up prize: EAN Tournament Basic Neurology, European Academy of Neurology, 2017<\/li>\n<\/ul>\n<\/div>\n<div class=\"w100\">&nbsp;<\/div>\n<div class=\"anchor\" id=\"cc\"><\/div>\n<h3>Conference contributions<\/h3>\n<div class=\"white_box\">\n<ul class=\"page-link02\">\n<li><a href=\"#cc_op\">Oral presentations<\/a><\/li>\n<li><a href=\"#cc_pp\">Poster presentations<\/a><\/li>\n<\/ul>\n<div class=\"anchor\" id=\"cc_op\"><\/div>\n<h4>Oral presentations<\/h4>\n<ul>\n<li>NEURO2022\n<ul>\n<li>Determining the Correlation between Subjective Well-Being and EEG Alpha Asymmetry under Different Environmental Conditions, B. Wutzl, K. Leibnitz, M. Murata<\/li>\n<\/ul>\n<\/li>\n<li>OHBM 2019 (Organization for Human Brain Mapping)\n<ul>\n<li>Classifying Patients with scDOC using Multislice Modularity of Brain Networks from fMRI,<br \/>\nB. Wutzl, K. Leibnitz, F. Rattay, M. Kronbichler, M. Murata, Golaszewski S. (oral and poster presentation)<br \/>\nhttps:\/\/www.youtube.com\/watch?v=x8mGkFxBRAM&#038;t=19s<\/li>\n<\/ul>\n<\/li>\n<li>EAN 2017 (3rd Congress of the European Academy of Neurology)\n<ul>\n<li>Promising and highly diagnostic fMRI paradigms for classifying the level of consciousness of patients with severe chronic disorders of consciousness,<br \/>\nB. Wutzl, C. Florea, K. Schwenker, F. Rattay, E. Trinka, F. Gerstenbrand, S.M. Golaszewski<\/li>\n<\/ul>\n<\/li>\n<li>EAN 2016 (2nd Congress of the European Academy of Neurology)\n<ul>\n<li>The role of functional MRI in the diagnosis and prognosis of patients with severe chronic disorders of consciousness,<br \/>\nB. Wutzl, C. Florea, M. Seidl, A.B. Kunz, K. Schwenker, R. Nardone, E. Trinka, F. Gerstenbrand, S. Golaszewski<\/li>\n<li>Whole-hand electrical stimulation in stroke patients in the subacute stage,<br \/>\nK. Schwenker, M. Christova, B. Wutzl, H. Bartsch, R. Nardone, E. Gallasch, D. Rafolt, F. Gerstenbrand, E. Trinka, S. Golaszewski<\/li>\n<\/ul>\n<\/li>\n<\/ul>\n<div class=\"w100\">&nbsp;<\/div>\n<div class=\"anchor\" id=\"cc_pp\"><\/div>\n<h4>Poster presentations<\/h4>\n<ul>\n<li>The 10th CiNet Conference (Center for Information and Neural Networks)\n<ul>\n<li>Types of cognitive biases and how to measure them, B. Wutzl, K. Leibnitz, M. Murata<\/li>\n<\/ul>\n<\/li>\n<li>OHBM Australian Chapter 2024 (Organization for Human Brain Mapping)\n<ul>\n<li>Do posterior EEG asymmetries also correlate to short-term subjective well-being?, B. Wutzl, K. Leibnitz, M. Murata<\/li>\n<\/ul>\n<\/li>\n<li>OHBM 2024 (Organization for Human Brain Mapping)\n<ul>\n<li>The correlation between Subjective Well-Being and EEG Frontal Asymmetry in different frequency bands, B. Wutzl, K. Leibnitz, M. Murata<\/li>\n<\/ul>\n<\/li>\n<li>The 9th CiNet Conference (Center for Information and Neural Networks)\n<ul>\n<li>Correlation between EEG signals and subjective well-being,<br \/>\nB. Wutzl, K. Leibnitz, M. Murata<\/li>\n<\/ul>\n<\/li>\n<li>OHBM 2023 (Organization for Human Brain Mapping)\n<ul>\n<li>Subjective Well-Being and Frontal Alpha Asymmetry: is the AF4 location special?, B. Wutzl, K. Leibnitz, M. Murata<\/li>\n<\/ul>\n<\/li>\n<li>SfN2022 (Society for Neuroscience)\n<ul>\n<li>Investigation of the correlation between subjective well-being and frontal alpha asymmetry on group and single-subject level,<br \/>\nB. Wutzl, K. Leibnitz, M. Murata<\/li>\n<\/ul>\n<\/li>\n<li>OHBM 2022 (Organization for Human Brain Mapping)\n<ul>\n<li>Correlation between Subjective Well-Being and Frontal Alpha Asymmetry under Varying Environmental Conditions,<br \/>\nB. Wutzl, K. Leibnitz, M. Murata<\/li>\n<\/ul>\n<\/li>\n<li>OHBM 2021 (Organization for Human Brain Mapping) online\n<ul>\n<li>Review: Quantitative EEG in Disorders of Consciousness,<br \/>\nB. Wutzl, S. Golaszewski, K. Leibnitz, P.B. Langthaler, A.B. Kunz, S. Leis, K. Schwenker, A. Thomschewski, J. Bergmann, E. Trinka<\/li>\n<\/ul>\n<\/li>\n<li>OHBM 2019 (Organization for Human Brain Mapping)\n<ul>\n<li>Classifying Patients with scDOC using Multislice Modularity of Brain Networks from fMRI,<br \/>\nB. Wutzl, K. Leibnitz, F. Rattay, M. Kronbichler, M. Murata, S. Golaszewski,<br \/>\n(oral and poster presentation)<\/li>\n<li>Genetic algorithms for feature selection when classifying severe chronic disorders of consciousness<br \/>\nB. Wutzl, K. Leibnitz, F. Rattay, M. Kronbichler, M. Murata, S. Golaszewski<\/li>\n<\/ul>\n<\/li>\n<li>EAN 2019 (5th Congress of the European Academy of Neurology)\n<ul>\n<li>Classification methods for patients with severe chronic disorders of consciousness using fMRI,<br \/>\nB. Wutzl, K. Leibnitz, F. Rattay, M. Kronbichler, M. Murata, S. Golaszewski<\/li>\n<\/ul>\n<\/li>\n<li>OHBM 2018 (Organization for Human Brain Mapping)\n<ul>\n<li>The role of fMRI in the diagnosis and prognosis of patients with disorders of consciousness,<br \/>\nB. Wutzl, S. Golaszewski, C. Florea, K. Schwenker, F. Rattay, E. Trinka, F. Gerstenbrand, K. Leibnitz, M. Murata<\/li>\n<\/ul>\n<\/li>\n<li>The 4th CiNet Conference (Center for Information and Neural Networks)\n<ul>\n<li>Comparison of brain resting state networks from different imaging modalities,<br \/>\nB. Wutzl, K. Leibnitz<\/li>\n<\/ul>\n<\/li>\n<li>EAN 2017 (3rd Congress of the European Academy of Neurology)\n<ul>\n<li>Cortical afferent inhibition reflects cognitive impairment in obstructive sleep apnea syndrome: a TMS study,<br \/>\nS.M. Golaszewski, A.B. Kunz, K. Schwenker, B. Wutzl, M. Seidl, F. Brigo, Y. H\u00f6ller, C. Florea, E. Trinka, R. Nardone<\/li>\n<\/ul>\n<\/li>\n<li>EAN 2016 (2nd Congress of the European Academy of Neurology)\n<ul>\n<li>Long-Term Coma State and the Bedrest Syndrome,<br \/>\nS. Golaszewski, B. Wutzl, C. Florea, A.B. Kunz, M. Seidl, K. Schwenker, R. Nardone, E. Trinka, F. Gerstenbrand<\/li>\n<li>The Locked-In-Plus-Syndrome,<br \/>\nS. Golaszewski, C. Florea, B. Wutzl, M. Seidl, A.B.  Kunz, K. Schwenker, R. Nardone, E. Trinka, F. Gerstenbrand<\/li>\n<\/ul>\n<\/li>\n<li>\u00d6GN 2016 (13. Jahrestagung der \u00d6sterreichischen Gesellschaft f\u00fcr Neurologie)\n<ul>\n<li>Long-Term Coma State and the Bedrest Syndrome,<br \/>\nS.M. Golaszewski, C. Florea, B. Wutzl, K. Schwenker, A. Kunz<\/li>\n<\/ul>\n<\/li>\n<li>SCI-TReCS Summit 2015 (Spinal Cord and Injury Tissue Regeneration Center Salzburg Summit)\n<ul>\n<li>Stimulation of the proprioceptive System in SCI patients,<br \/>\nS.M. Golaszewski, B. Wutzl, K. Schwenker, A.B. Kunz, M. Seidl, C. Florea, S. Leis, E. Trinka, F. Gerstenbrand<\/li>\n<\/ul>\n<\/li>\n<\/ul>\n<\/div>\n<div class=\"w100\">&nbsp;<\/div>\n<div class=\"anchor\" id=\"funding\"><\/div>\n<h3>Funding<\/h3>\n<div class=\"white_box\">\n<ul>\n<li>Monbukagakusho Scholarship (April 2017-March 2019): Detectability and comparative evalua-tion of brain resting state networks from different imaging modalities<\/li>\n<\/ul>\n<\/div>\n<div class=\"w100\">&nbsp;<\/div>\n<div class=\"anchor\" id=\"aas\"><\/div>\n<h3>Academic Society Memberships<\/h3>\n<div class=\"white_box\">\n<ul>\n<li>\u65e5\u672c\u795e\u7d4c\u79d1\u5b66\u4f1a<\/li>\n<li>Organization for Human Brain Mapping (OHBM)<\/li>\n<\/ul>\n<\/div>\n<\/div>\n<\/div>\n","protected":false},"excerpt":{"rendered":"Betty Wutzl","protected":false},"author":1,"featured_media":0,"parent":14,"menu_order":35,"comment_status":"closed","ping_status":"closed","template":"","meta":{"footnotes":"","_links_to":"","_links_to_target":""},"class_list":["post-1126","page","type-page","status-publish","hentry"],"_links":{"self":[{"href":"https:\/\/www.med.osaka-u.ac.jp\/pub\/bci\/wp-json\/wp\/v2\/pages\/1126","targetHints":{"allow":["GET"]}}],"collection":[{"href":"https:\/\/www.med.osaka-u.ac.jp\/pub\/bci\/wp-json\/wp\/v2\/pages"}],"about":[{"href":"https:\/\/www.med.osaka-u.ac.jp\/pub\/bci\/wp-json\/wp\/v2\/types\/page"}],"author":[{"embeddable":true,"href":"https:\/\/www.med.osaka-u.ac.jp\/pub\/bci\/wp-json\/wp\/v2\/users\/1"}],"replies":[{"embeddable":true,"href":"https:\/\/www.med.osaka-u.ac.jp\/pub\/bci\/wp-json\/wp\/v2\/comments?post=1126"}],"version-history":[{"count":31,"href":"https:\/\/www.med.osaka-u.ac.jp\/pub\/bci\/wp-json\/wp\/v2\/pages\/1126\/revisions"}],"predecessor-version":[{"id":1610,"href":"https:\/\/www.med.osaka-u.ac.jp\/pub\/bci\/wp-json\/wp\/v2\/pages\/1126\/revisions\/1610"}],"up":[{"embeddable":true,"href":"https:\/\/www.med.osaka-u.ac.jp\/pub\/bci\/wp-json\/wp\/v2\/pages\/14"}],"wp:attachment":[{"href":"https:\/\/www.med.osaka-u.ac.jp\/pub\/bci\/wp-json\/wp\/v2\/media?parent=1126"}],"curies":[{"name":"wp","href":"https:\/\/api.w.org\/{rel}","templated":true}]}}